{"id":16,"date":"2023-05-10T21:50:46","date_gmt":"2023-05-10T21:50:46","guid":{"rendered":"https:\/\/ciudadesdigitales.appme.com.ar\/?page_id=16"},"modified":"2023-05-16T16:12:59","modified_gmt":"2023-05-16T16:12:59","slug":"nuestro-proyecto","status":"publish","type":"page","link":"https:\/\/ciudadesdigitales.appme.com.ar\/?page_id=16","title":{"rendered":"NUESTRO PROYECTO"},"content":{"rendered":"\n<p>Ponemos la tecnolog\u00eda al servicio de la gesti\u00f3n municipal para lograr un alt\u00edsimo grado de percepci\u00f3n favorable de los ciudadanos hacia los gobernantes.<br>Las personas en su rol de consumidores compran por internet, reclaman a las empresas por servicios deficitarios por medio de las redes sociales, se comunican con todas sus relaciones mediante WhatsApp, se enteran de las noticias en la red, ven pel\u00edculas y series, etc. Todo eso sucede mayormente en sus tel\u00e9fonos inteligentes, ya que el uso de la PC est\u00e1<br>disminuyendo.<\/p>\n\n\n\n<p><br><strong>\u00bfPor qu\u00e9 no usar esos avances tecnol\u00f3gicos a favor de la gesti\u00f3n de un Gobierno Municipal?<\/strong><\/p>\n\n\n\n<p><br>Pensemos que la persona que requiere determinados servicios en su rol de consumidor, valorar\u00e1 que le ofrezcan cosas similares en su funci\u00f3n de ciudadano y contribuyente.<br>En <em>Ciudad Digital<\/em> la tecnolog\u00eda est\u00e1 al servicio del gobierno, satisfaciendo las necesidades de los ciudadanos y a la vez, brindando estad\u00edsticas de calidad para la toma de decisiones inteligentes.<br><em>Ciudad digital<\/em> no es una aplicaci\u00f3n, es un concepto pol\u00edtico vanguardista que se inscribe en el esp\u00edritu de Gobernanza Abierta y que parte de la premisa de que los funcionarios est\u00e1n para servir a los ciudadanos y no para servirse del estado.<\/p>\n\n\n\n<figure class=\"wp-block-image size-full\"><img loading=\"lazy\" decoding=\"async\" width=\"224\" height=\"250\" src=\"https:\/\/ciudadesdigitales.appme.com.ar\/wp-content\/uploads\/2023\/05\/cropped-ciudad-digital-blanco-logo-1.png\" alt=\"\" class=\"wp-image-124\"\/><\/figure>\n","protected":false},"excerpt":{"rendered":"<p>Ponemos la tecnolog\u00eda al servicio de la gesti\u00f3n municipal para lograr un alt\u00edsimo grado de percepci\u00f3n favorable de los ciudadanos hacia los gobernantes.Las personas en su rol de consumidores compran por internet, reclaman a las empresas por servicios deficitarios por medio de las redes sociales, se comunican con todas sus relaciones mediante WhatsApp, se enteran &hellip; <\/p>\n<p class=\"link-more\"><a href=\"https:\/\/ciudadesdigitales.appme.com.ar\/?page_id=16\" class=\"more-link\">Segu\u00ed leyendo<span class=\"screen-reader-text\"> &#8220;NUESTRO PROYECTO&#8221;<\/span><\/a><\/p>\n","protected":false},"author":1,"featured_media":67,"parent":0,"menu_order":0,"comment_status":"closed","ping_status":"closed","template":"","meta":{"footnotes":""},"class_list":["post-16","page","type-page","status-publish","has-post-thumbnail","hentry"],"_links":{"self":[{"href":"https:\/\/ciudadesdigitales.appme.com.ar\/index.php?rest_route=\/wp\/v2\/pages\/16","targetHints":{"allow":["GET"]}}],"collection":[{"href":"https:\/\/ciudadesdigitales.appme.com.ar\/index.php?rest_route=\/wp\/v2\/pages"}],"about":[{"href":"https:\/\/ciudadesdigitales.appme.com.ar\/index.php?rest_route=\/wp\/v2\/types\/page"}],"author":[{"embeddable":true,"href":"https:\/\/ciudadesdigitales.appme.com.ar\/index.php?rest_route=\/wp\/v2\/users\/1"}],"replies":[{"embeddable":true,"href":"https:\/\/ciudadesdigitales.appme.com.ar\/index.php?rest_route=%2Fwp%2Fv2%2Fcomments&post=16"}],"version-history":[{"count":3,"href":"https:\/\/ciudadesdigitales.appme.com.ar\/index.php?rest_route=\/wp\/v2\/pages\/16\/revisions"}],"predecessor-version":[{"id":139,"href":"https:\/\/ciudadesdigitales.appme.com.ar\/index.php?rest_route=\/wp\/v2\/pages\/16\/revisions\/139"}],"wp:featuredmedia":[{"embeddable":true,"href":"https:\/\/ciudadesdigitales.appme.com.ar\/index.php?rest_route=\/wp\/v2\/media\/67"}],"wp:attachment":[{"href":"https:\/\/ciudadesdigitales.appme.com.ar\/index.php?rest_route=%2Fwp%2Fv2%2Fmedia&parent=16"}],"curies":[{"name":"wp","href":"https:\/\/api.w.org\/{rel}","templated":true}]}}